s -286 - -15?
-271
In base 4, what is -11 + 12013?
12002
In base 16, what is 1 - -2e0?
2e1
In base 2, what is -10 - 1110001?
-1110011
In base 7, what is 2 + 64?
66
In base 13, what is 7 + 133?
13a
In base 9, what is -33 - 27?
-61
In base 14, what is 60b - -5?
612
In base 13, what is 252 - 4?
24b
In base 16, what is 153 - 4?
14f
In base 6, what is -2 + -2450?
-2452
In base 3, what is -12 - 120?
-202
In base 7, what is 2 + -663?
-661
In base 11, what is -597 - -4?
-593
In base 9, what is 26 + -237?
-211
In base 14, what is d - 4aa?
-49b
In base 9, what is 101 - -17?
118
In base 3, what is 1 + 20002?
20010
In base 4, what is 22 - 100302?
-100220
In base 10, what is 2921 - -1?
2922
In base 10, what is 1233 - 1?
1232
In base 6, what is 5 + -334?
-325
In base 12, what is -4 + -609?
-611
In base 14, what is 57a + -3?
577
In base 3, what is -12 - -1222221?
1222202
In base 11, what is -6 + -21?
-27
In base 4, what is -2 - 303322?
-303330
In base 12, what is 5856 - 0?
5856
In base 4, what is -12320 - 1?
-12321
In base 3, what is 10 + 110001?
110011
In base 2, what is 11 + -10000011?
-10000000
In base 14, what is 196 - 3d?
157
In base 14, what is 3 + d79?
d7c
In base 6, what is 1312 + 2?
1314
In base 8, what is 7 - 5?
2
In base 12, what is -1b6 + -6?
-200
In base 4, what is 21 - -130?
211
In base 16, what is -1887 - 3?
-188a
In base 7, what is -10 - 20?
-30
In base 7, what is -12 - 0?
-12
In base 14, what is 7d3 + -2?
7d1
In base 4, what is 1210022 + -10?
1210012
In base 9, what is 32 - 68?
-36
In base 4, what is 3 - -300?
303
In base 13, what is 0 + 7c?
7c
In base 6, what is 24025 + 4?
24033
In base 3, what is 0 - -11101020?
11101020
In base 15, what is 4 - -10?
14
In base 11, what is -2 + -13?
-15
In base 7, what is 55 - 2020?
-1632
In base 7, what is -3 + 0?
-3
In base 11, what is -1 + 240a?
2409
In base 16, what is 4 + 2f4?
2f8
In base 15, what is bc + -3?
b9
In base 4, what is -200 - 210?
-1010
In base 14, what is 0 + 151a?
151a
In base 7, what is 44452 + -1?
44451
In base 8, what is -246 + -2?
-250
In base 4, what is -2233 - -10?
-2223
In base 12, what is 1 - 82?
-81
In base 3, what is 2120 + 1?
2121
In base 12, what is 257 + -18?
23b
In base 5, what is 0 - -1002?
1002
In base 6, what is -443 - 152?
-1035
In base 9, what is 2 - -12?
14
In base 7, what is 11 - -13?
24
In base 13, what is -10 + -1?
-11
In base 5, what is 330 + -2?
323
In base 5, what is -10 + -423?
-433
In base 11, what is -2070 + -1?
-2071
In base 15, what is 4 - -30?
34
In base 6, what is 14 + 1230?
1244
In base 2, what is -1010 - -110?
-100
In base 8, what is -24 + -25?
-51
In base 13, what is -268a - 0?
-268a
In base 9, what is 3066 + 2?
3068
In base 14, what is 2 - 3?
-1
In base 11, what is 2 + 958?
95a
In base 12, what is 2 - -904?
906
In base 14, what is 4 - -b?
11
In base 8, what is -135 - 3?
-140
In base 10, what is 301 + 1?
302
In base 12, what is -65b4 + -3?
-65b7
In base 14, what is 33 - -20?
53
In base 2, what is 101110011010110 + 11?
101110011011001
In base 4, what is -1130232 + 0?
-1130232
In base 10, what is -16 + 2?
-14
In base 16, what is 3 - 1863?
-1860
In base 12, what is 1 - 475?
-474
In base 2, what is -11 - -101011?
101000
In base 16, what is -5 - -9c?
97
In base 8, what is -35 - 16?
-53
In base 9, what is 72842 - 5?
72836
In base 16, what is 1 + cd2?
cd3
In base 8, what is 737 + -3?
734
In base 13, what is -3 - -1a5?
1a2
In base 14, what is -1 + -14?
-15
In base 3, what is -221 - 1102?
-2100
In base 7, what is 15 + 131?
146
In base 5, what is 2411 + -3?
2403
In base 15, what is -3 - 1e?
-22
In base 16, what is -5a - 26?
-80
In base 3, what is 0 + -1?
-1
In base 11, what is a - -4?
13
In base 13, what is -b + -11?
-1c
In base 4, what is 1102 + 221?
1323
In base 12, what is 21a + 4?
222
In base 16, what is -14 - 5?
-19
In base 4, what is 22 + -3110?
-3022
In base 16, what is 9 - -16?
1f
In base 14, what is 5b9 + 2?
5bb
In base 12, what is b + 3?
12
In base 14, what is -1 + 91?
90
In base 16, what is -2 + -3f?
-41
In base 5, what is -203 + -22?
-230
In base 14, what is 2839 - 1?
2838
In base 13, what is -5 + 17a?
175
In base 10, what is 190 - 4?
186
In base 16, what is -3 - -21b?
218
In base 13, what is -641 - -1?
-640
In base 6, what is -4303 + -3?
-4310
In base 8, what is -152163 + -2?
-152165
In base 10, what is 12594 + 3?
12597
In base 2, what is -101001 - 1011?
-110100
In base 5, what is 114 + 10?
124
In base 6, what is -105002 + -2?
-105004
In base 14, what is -5 + 471?
46a
In base 11, what is -194 - 5?
-199
In base 7, what is 2 - -165?
200
In base 3, what is -10 + -1211?
-1221
In base 13, what is a + -8c?
-82
In base 5, what is -323 + -103?
-431
In base 14, what is 1 - -9c?
9d
In base 5, what is 1200 + -112?
1033
In base 7, what is -135 + -222?
-360
In base 4, what is 30330 + -3?
30321
In base 15, what is 1159 - 1?
1158
In base 4, what is 12 - 3320?
-3302
In base 6, what is -5 - -1255?
1250
In base 15, what is -3c + -3?
-40
In base 16, what is -65d - 5?
-662
In base 4, what is -1 - 3210?
-3211
In base 8, what is 7 + -25?
-16
In base 2, what is -11111010 - -111?
-11110011
In base 16, what is 5 + 24?
29
In base 3, what is -1 + 22111?
22110
In base 13, what is -19 + 65?
49
In base 12, what is -266 - -6?
-260
In base 5, what is 102214 + -10?
102204
In base 3, what is 21102 + -1?
21101
In base 7, what is 10563 + 0?
10563
In base 16, what is -1 + -28?
-29
In base 11, what is 7376 + 4?
737a
In base 5, what is 43 - 21?
22
In base 4, what is -1 - -322?
321
In base 6, what is 0 - 53505?
-53505
In base 16, what is -4 + -8c?
-90
In base 13, what is 33 - -1?
34
In base 10, what is -181 + 4?
-177
In base 12, what is -33 - 6?
-39
In base 6, what is 0 - 223?
-223
In base 15, what is -1234 - -3?
-1231
In base 5, what is 11 - 10142?
-10131
In base 10, what is 758 - 7?
751
In base 9, what is -21 + -135?
-156
In base 16, what is 4 - -6?
a
In base 5, what is -10 + 1001?
441
In base 13, what is -585 - -17?
-56b
In base 2, what is -100010000 - -101?
-100001011
In base 8, what is -4 + 76?
72
In base 7, what is 0 + 12?
12
In base 10, what is -4 + 4352?
4348
In base 7, what is -133405 + -3?
-133411
In base 11, what is -4 + 66?
62
In base 2, what is 10101001100 + 111?
10101010011
In base 5, what is -2304 + 4?
-2300
In base 4, what is -12 - 30301?
-30313
In base 9, what is 24778 + 2?
24781
In base 10, what is 2588 + 0?
2588
In base 10, what is -5 + 2408?
2403
In base 9, what is -7 - -54?
46
In base 8, what is -5 + -1347?
-1354
In base 11, what is a - -601?
610
In base 12, what is -a9 - -7?
-a2
In base 10, what is 0 + 5734?
5734
In base 8, what is 0 + -120?
-120
In base 2, what is 11 + -1?
10
In base 16, what is 10 + -3a?
-2a
In base 7, what is -130 - -511?
351
In base 7, what is -2 - 305?
-310
In base 14, what is -3 + 63?
60
In base 8, what is -210 + 3?
-205
In base 4, what is -2 - -1103?
1101
In base 7, what is -5 - -5344?
5336
In base 14, what is 0 - 186?
-186
In base 10, what is 421 + -12?
409
In base 11, what is -4 - -34a?
346
In base 7, what is -251 + 2?
-246
In base 6, what is -112 - 5?
-121
In base 12, what is -33 - -32?
-1
In base 8, what is -1 + 1441?
1440
In base 13, what is 2c - -5?
34
In base 5, what is -3001 - 3?
-3004
In base 3, what is 20022 + 1?
20100
In base 5, what is 4241 + 1?
4242
In base 6, what is -12 - -201?
145
In base 5, what is -1 - 214?
-220
In base 11, what is -72 - -5?
-68
In base 4, what is 0 + 31212?
31212
In base 9, what is -7 - 12?
-20
In base 10, what is 26 + 27?
53
In base 11, what is 4 + 1a3?
1a7
In base 5, what is 233 + 104?
342
In base 12, what is -2a6 - -3?
-2a3
In base 4, what is -122 - 1323?
-2111
In base 8, what is 571 - 10?
561
In base 7, what is 14 - 104?
-60
In base 4, what is 11302 + -11?
11231
In base 6, what is 221 - -232?
453
In base 4, what is -323 - 3?
-332
In base 7, what is -4 + 41?
34
In base 14, what is 1 - 42d?
-42c
In base 15, what is -25 - -207?
1d2
In base 4, what is 3113 + -3?
3110
In base 10, what is 54 - 75?
-21
In base 14, what is -3 - -26?
23
In base 15, what is 18 + 156?
16e
In base 3, what is 11 - 2210221?
-2210210
In base 9, what is 3 - -218?
222
In base 6, what is -4 - 121?
-125
In base 13, what is c9 - a?
bc
In base 5, what is -33 - -110?
22
In base 7, what is -315 + 2?
-313
In base 13, what is 96a - -3?
970
In